{"id":31,"date":"2022-09-22T09:48:46","date_gmt":"2022-09-22T09:48:46","guid":{"rendered":"https:\/\/festive-chatterjee.82-220-38-86.plesk.page\/?page_id=31"},"modified":"2022-09-22T10:04:14","modified_gmt":"2022-09-22T10:04:14","slug":"ueber-mich","status":"publish","type":"page","link":"https:\/\/festive-chatterjee.82-220-38-86.plesk.page\/?page_id=31","title":{"rendered":"\u00dcberm"},"content":{"rendered":"\n<section id=\"gma5f6d0a\" class=\"wp-block-gutentor-m3 alignfull section-gma5f6d0a gutentor-module gutentor-container-cover has-gutentor-block-shape-top gutentor-tshape-fv\"><div class=\"gutentor-block-shape-top\"><span><svg xmlns=\"http:\/\/www.w3.org\/2000\/svg\" viewBox=\"0 0 1000 100\" preserveAspectRatio=\"none\"><path d=\"M0,6V0H1000V100Z\" transform=\"translate(0 0)\"><\/path><\/svg><\/span><\/div><div class=\"grid-container\"><\/div><\/section>\n\n\n\n<div class=\"wp-block-columns is-layout-flex wp-container-core-columns-is-layout-8f761849 wp-block-columns-is-layout-flex\">\n<div class=\"wp-block-column is-layout-flow wp-block-column-is-layout-flow\"><div class=\"wp-block-image is-style-rounded\">\n<figure class=\"aligncenter size-large is-resized\"><img loading=\"lazy\" decoding=\"async\" src=\"https:\/\/festive-chatterjee.82-220-38-86.plesk.page\/wp-content\/uploads\/2022\/09\/WhatsApp-Image-2022-09-22-at-11.59.40-1024x1024.jpeg\" alt=\"\" class=\"wp-image-40\" width=\"492\" height=\"492\" srcset=\"https:\/\/festive-chatterjee.82-220-38-86.plesk.page\/wp-content\/uploads\/2022\/09\/WhatsApp-Image-2022-09-22-at-11.59.40.jpeg 1024w, https:\/\/festive-chatterjee.82-220-38-86.plesk.page\/wp-content\/uploads\/2022\/09\/WhatsApp-Image-2022-09-22-at-11.59.40-300x300.jpeg 300w, https:\/\/festive-chatterjee.82-220-38-86.plesk.page\/wp-content\/uploads\/2022\/09\/WhatsApp-Image-2022-09-22-at-11.59.40-150x150.jpeg 150w, https:\/\/festive-chatterjee.82-220-38-86.plesk.page\/wp-content\/uploads\/2022\/09\/WhatsApp-Image-2022-09-22-at-11.59.40-768x768.jpeg 768w\" sizes=\"auto, (max-width: 492px) 100vw, 492px\" \/><\/figure>\n<\/div><\/div>\n\n\n\n<div class=\"wp-block-column is-layout-flow wp-block-column-is-layout-flow\">\n<p class=\"wp-block-paragraph\"><\/p>\n\n\n\n<h1 class=\"wp-block-heading\">\u00dcber mich\u2026<\/h1>\n\n\n\n<p class=\"wp-block-paragraph\">Mein Handwerk hab ich in Wien im ersten Bezirk bei Bundy&amp;Bundy gelernt, \u00fcber Schulungen bei Vidal Sasson London und die t\u00e4glichen Werke an meinen Kunden\/-innen. Als ausgebildete Friseurmeisterin und nach mittlerweile \u00fcber 20 Jahre Selbstst\u00e4ndigkeit ist es nicht nur mein Beruf, sondern einen Berufung f\u00fcr mich und meinen Kunden\/-innen gegen\u00fcber.<\/p>\n\n\n\n<p class=\"wp-block-paragraph\">Ich sehe mich in meiner T\u00e4tigkeit nicht nur als Dienstleister, der Haare schneidet, sondern als kreativen Berater, der auf den Kunden\/-innen als Person und in der Typberatung individuell eingeht. Das bekomme ich auch mit strahlenden Gesichtern meiner Kunden als Best\u00e4tigung meiner Arbeit zur\u00fcck.<\/p>\n\n\n\n<p class=\"wp-block-paragraph\">Ganz wichtig ist mir auch, mit den richtigen Partnern bei der Auswahl der Haarpflegeprodukte und Farben zusammenzusarbeiten. Den erst mit dem richtigen Werkzeug lassen sich die sch\u00f6nsten Haarkreationen verwirklichen. Dabei vertraue ich seit Jahren auf Olaplex, \u2026. usw.<\/p>\n\n\n\n<p class=\"wp-block-paragraph\">Ich w\u00fcrde mich freuen, auch sie als Kunde\/-in im meinen Gesch\u00e4ft in der Dinstlstra\u00dfe 5 in Krems an der Donau begr\u00fc\u00dfen zu d\u00fcrfen. Termine nach Vereinbarung. Am einfachsten nutzen Sie das Anfrageformular.<\/p>\n\n\n\n<p class=\"wp-block-paragraph\">Claudia Kastner<br>Friseurmeisterin<\/p>\n<\/div>\n<\/div>\n\n\n\n<section id=\"gm4451250\" class=\"wp-block-gutentor-m3 alignfull section-gm4451250 gutentor-module gutentor-container-cover has-gutentor-block-shape-bottom gutentor-bshape-fv\"><div class=\"grid-container\"><\/div><div class=\"gutentor-block-shape-bottom\"><span><svg xmlns=\"http:\/\/www.w3.org\/2000\/svg\" viewBox=\"0 0 1000 100\" preserveAspectRatio=\"none\"><path d=\"M0,6V0H1000V100Z\" transform=\"translate(0 0)\"><\/path><\/svg><\/span><\/div><\/section>\n","protected":false},"excerpt":{"rendered":"<p>\u00dcber mich\u2026 Mein Handwerk hab ich in Wien im ersten Bezirk bei Bundy&amp;Bundy gelernt, \u00fcber Schulungen bei Vidal Sasson London und die t\u00e4glichen Werke an meinen Kunden\/-innen. Als ausgebildete Friseurmeisterin und nach mittlerweile \u00fcber 20 Jahre Selbstst\u00e4ndigkeit ist es nicht nur mein Beruf, sondern einen Berufung f\u00fcr mich und meinen Kunden\/-innen gegen\u00fcber. Ich sehe mich&hellip;&nbsp;<a href=\"https:\/\/festive-chatterjee.82-220-38-86.plesk.page\/?page_id=31\" class=\"\" rel=\"bookmark\">Weiterlesen &raquo;<span class=\"screen-reader-text\">\u00dcberm<\/span><\/a><\/p>\n","protected":false},"author":1,"featured_media":0,"parent":0,"menu_order":0,"comment_status":"closed","ping_status":"closed","template":"","meta":{"_coblocks_attr":"","_coblocks_dimensions":"","_coblocks_responsive_height":"","_coblocks_accordion_ie_support":"","neve_meta_sidebar":"","neve_meta_container":"","neve_meta_enable_content_width":"","neve_meta_content_width":0,"neve_meta_title_alignment":"","neve_meta_author_avatar":"","neve_post_elements_order":"","neve_meta_disable_header":"","neve_meta_disable_footer":"","neve_meta_disable_title":"on","_themeisle_gutenberg_block_has_review":false,"footnotes":""},"class_list":["post-31","page","type-page","status-publish","hentry"],"uagb_featured_image_src":{"full":false,"thumbnail":false,"medium":false,"medium_large":false,"large":false,"1536x1536":false,"2048x2048":false,"neve-blog":false},"uagb_author_info":{"display_name":"admin","author_link":"https:\/\/festive-chatterjee.82-220-38-86.plesk.page\/?author=1"},"uagb_comment_info":0,"uagb_excerpt":"\u00dcber mich\u2026 Mein Handwerk hab ich in Wien im ersten Bezirk bei Bundy&amp;Bundy gelernt, \u00fcber Schulungen bei Vidal Sasson London und die t\u00e4glichen Werke an meinen Kunden\/-innen. Als ausgebildete Friseurmeisterin und nach mittlerweile \u00fcber 20 Jahre Selbstst\u00e4ndigkeit ist es nicht nur mein Beruf, sondern einen Berufung f\u00fcr mich und meinen Kunden\/-innen gegen\u00fcber. Ich sehe mich&hellip;&nbsp;Weiterlesen&hellip;","_links":{"self":[{"href":"https:\/\/festive-chatterjee.82-220-38-86.plesk.page\/index.php?rest_route=\/wp\/v2\/pages\/31","targetHints":{"allow":["GET"]}}],"collection":[{"href":"https:\/\/festive-chatterjee.82-220-38-86.plesk.page\/index.php?rest_route=\/wp\/v2\/pages"}],"about":[{"href":"https:\/\/festive-chatterjee.82-220-38-86.plesk.page\/index.php?rest_route=\/wp\/v2\/types\/page"}],"author":[{"embeddable":true,"href":"https:\/\/festive-chatterjee.82-220-38-86.plesk.page\/index.php?rest_route=\/wp\/v2\/users\/1"}],"replies":[{"embeddable":true,"href":"https:\/\/festive-chatterjee.82-220-38-86.plesk.page\/index.php?rest_route=%2Fwp%2Fv2%2Fcomments&post=31"}],"version-history":[{"count":5,"href":"https:\/\/festive-chatterjee.82-220-38-86.plesk.page\/index.php?rest_route=\/wp\/v2\/pages\/31\/revisions"}],"predecessor-version":[{"id":43,"href":"https:\/\/festive-chatterjee.82-220-38-86.plesk.page\/index.php?rest_route=\/wp\/v2\/pages\/31\/revisions\/43"}],"wp:attachment":[{"href":"https:\/\/festive-chatterjee.82-220-38-86.plesk.page\/index.php?rest_route=%2Fwp%2Fv2%2Fmedia&parent=31"}],"curies":[{"name":"wp","href":"https:\/\/api.w.org\/{rel}","templated":true}]}}

Überm

<section id="gma5f6d0a" class="wp-block-gutentor-m3 alignfull section-gma5f6d0a gutentor-module gutentor-container-cover has-gutentor-block-shape-top gutentor-tshape-fv"><div class="gutentor-block-shape-top"><span><svg xmlns="http://www.w3.org/2000/svg" viewBox="0 0 1000 100" preserveAspectRatio="none"><path d="M0,6V0H1000V100Z" transform="translate(0 0)"></path></svg></span></div><div class="grid-container"></div></section>



<div class="wp-block-columns is-layout-flex wp-container-core-columns-is-layout-8f761849 wp-block-columns-is-layout-flex">
<div class="wp-block-column is-layout-flow wp-block-column-is-layout-flow"><div class="wp-block-image is-style-rounded">
<figure class="aligncenter size-large is-resized"><img loading="lazy" decoding="async" src="https://festive-chatterjee.82-220-38-86.plesk.page/wp-content/uploads/2022/09/WhatsApp-Image-2022-09-22-at-11.59.40-1024x1024.jpeg" alt="" class="wp-image-40" width="492" height="492" srcset="https://festive-chatterjee.82-220-38-86.plesk.page/wp-content/uploads/2022/09/WhatsApp-Image-2022-09-22-at-11.59.40.jpeg 1024w, https://festive-chatterjee.82-220-38-86.plesk.page/wp-content/uploads/2022/09/WhatsApp-Image-2022-09-22-at-11.59.40-300x300.jpeg 300w, https://festive-chatterjee.82-220-38-86.plesk.page/wp-content/uploads/2022/09/WhatsApp-Image-2022-09-22-at-11.59.40-150x150.jpeg 150w, https://festive-chatterjee.82-220-38-86.plesk.page/wp-content/uploads/2022/09/WhatsApp-Image-2022-09-22-at-11.59.40-768x768.jpeg 768w" sizes="auto, (max-width: 492px) 100vw, 492px" /></figure>
</div></div>



<div class="wp-block-column is-layout-flow wp-block-column-is-layout-flow">
<p class="wp-block-paragraph"></p>



<h1 class="wp-block-heading">Über mich…</h1>



<p class="wp-block-paragraph">Mein Handwerk hab ich in Wien im ersten Bezirk bei Bundy&amp;Bundy gelernt, über Schulungen bei Vidal Sasson London und die täglichen Werke an meinen Kunden/-innen. Als ausgebildete Friseurmeisterin und nach mittlerweile über 20 Jahre Selbstständigkeit ist es nicht nur mein Beruf, sondern einen Berufung für mich und meinen Kunden/-innen gegenüber.</p>



<p class="wp-block-paragraph">Ich sehe mich in meiner Tätigkeit nicht nur als Dienstleister, der Haare schneidet, sondern als kreativen Berater, der auf den Kunden/-innen als Person und in der Typberatung individuell eingeht. Das bekomme ich auch mit strahlenden Gesichtern meiner Kunden als Bestätigung meiner Arbeit zurück.</p>



<p class="wp-block-paragraph">Ganz wichtig ist mir auch, mit den richtigen Partnern bei der Auswahl der Haarpflegeprodukte und Farben zusammenzusarbeiten. Den erst mit dem richtigen Werkzeug lassen sich die schönsten Haarkreationen verwirklichen. Dabei vertraue ich seit Jahren auf Olaplex, …. usw.</p>



<p class="wp-block-paragraph">Ich würde mich freuen, auch sie als Kunde/-in im meinen Geschäft in der Dinstlstraße 5 in Krems an der Donau begrüßen zu dürfen. Termine nach Vereinbarung. Am einfachsten nutzen Sie das Anfrageformular.</p>



<p class="wp-block-paragraph">Claudia Kastner<br>Friseurmeisterin</p>
</div>
</div>



<section id="gm4451250" class="wp-block-gutentor-m3 alignfull section-gm4451250 gutentor-module gutentor-container-cover has-gutentor-block-shape-bottom gutentor-bshape-fv"><div class="grid-container"></div><div class="gutentor-block-shape-bottom"><span><svg xmlns="http://www.w3.org/2000/svg" viewBox="0 0 1000 100" preserveAspectRatio="none"><path d="M0,6V0H1000V100Z" transform="translate(0 0)"></path></svg></span></div></section>

<p>Über mich… Mein Handwerk hab ich in Wien im ersten Bezirk bei Bundy&amp;Bundy gelernt, über Schulungen bei Vidal Sasson London und die täglichen Werke an meinen Kunden/-innen. Als ausgebildete Friseurmeisterin und nach mittlerweile über 20 Jahre Selbstständigkeit ist es nicht nur mein Beruf, sondern einen Berufung für mich und meinen Kunden/-innen gegenüber. Ich sehe mich&hellip;&nbsp;<a href="https://festive-chatterjee.82-220-38-86.plesk.page/?page_id=31" class="" rel="bookmark">Weiterlesen &raquo;<span class="screen-reader-text">Überm</span></a></p>

Über mich… Mein Handwerk hab ich in Wien im ersten Bezirk bei Bundy&amp;Bundy gelernt, über Schulungen bei Vidal Sasson London und die täglichen Werke an meinen Kunden/-innen. Als ausgebildete Friseurmeisterin und nach mittlerweile über 20 Jahre Selbstständigkeit ist es nicht nur mein Beruf, sondern einen Berufung für mich und meinen Kunden/-innen gegenüber. Ich sehe mich&hellip;&nbsp;Weiterlesen&hellip;
